{"id":806,"date":"2023-07-08T20:25:03","date_gmt":"2023-07-08T20:25:03","guid":{"rendered":"https:\/\/aitorpastor.com\/?page_id=806"},"modified":"2023-07-08T22:15:05","modified_gmt":"2023-07-08T22:15:05","slug":"about-us","status":"publish","type":"page","link":"https:\/\/aitorpastor.com\/index.php\/about-us\/","title":{"rendered":"About Me"},"content":{"rendered":"\t\t<div data-elementor-type=\"wp-page\" data-elementor-id=\"806\" class=\"elementor elementor-806\">\n\t\t\t\t\t\t\t<div class=\"elementor-element elementor-element-9486dda e-flex e-con-boxed e-con\" data-id=\"9486dda\" data-element_type=\"container\" data-settings=\"{&quot;background_background&quot;:&quot;classic&quot;,&quot;content_width&quot;:&quot;boxed&quot;}\">\n\t\t\t\t\t<div class=\"e-con-inner\">\n\t\t\t\t<div class=\"elementor-element elementor-element-ca27e1f elementor-widget elementor-widget-image\" data-id=\"ca27e1f\" data-element_type=\"widget\" data-widget_type=\"image.default\">\n\t\t\t\t<div class=\"elementor-widget-container\">\n\t\t\t<style>\/*! elementor - v3.14.0 - 26-06-2023 *\/\n.elementor-widget-image{text-align:center}.elementor-widget-image a{display:inline-block}.elementor-widget-image a img[src$=\".svg\"]{width:48px}.elementor-widget-image img{vertical-align:middle;display:inline-block}<\/style>\t\t\t\t\t\t\t\t\t\t\t\t<img decoding=\"async\" width=\"1024\" height=\"683\" src=\"https:\/\/aitorpastor.com\/wp-content\/uploads\/2023\/07\/blue-popo-you-up-humo-1024x683.jpg\" class=\"attachment-large size-large wp-image-9\" alt=\"\" loading=\"lazy\" srcset=\"https:\/\/aitorpastor.com\/wp-content\/uploads\/2023\/07\/blue-popo-you-up-humo-1024x683.jpg 1024w, https:\/\/aitorpastor.com\/wp-content\/uploads\/2023\/07\/blue-popo-you-up-humo-300x200.jpg 300w, https:\/\/aitorpastor.com\/wp-content\/uploads\/2023\/07\/blue-popo-you-up-humo-768x512.jpg 768w, https:\/\/aitorpastor.com\/wp-content\/uploads\/2023\/07\/blue-popo-you-up-humo.jpg 1145w\" sizes=\"(max-width: 1024px) 100vw, 1024px\" \/>\t\t\t\t\t\t\t\t\t\t\t\t\t\t\t<\/div>\n\t\t\t\t<\/div>\n\t\t\t\t<div class=\"elementor-element elementor-element-9a80b60 elementor-widget elementor-widget-text-editor\" data-id=\"9a80b60\" data-element_type=\"widget\" data-widget_type=\"text-editor.default\">\n\t\t\t\t<div class=\"elementor-widget-container\">\n\t\t\t<style>\/*! elementor - v3.14.0 - 26-06-2023 *\/\n.elementor-widget-text-editor.elementor-drop-cap-view-stacked .elementor-drop-cap{background-color:#69727d;color:#fff}.elementor-widget-text-editor.elementor-drop-cap-view-framed .elementor-drop-cap{color:#69727d;border:3px solid;background-color:transparent}.elementor-widget-text-editor:not(.elementor-drop-cap-view-default) .elementor-drop-cap{margin-top:8px}.elementor-widget-text-editor:not(.elementor-drop-cap-view-default) .elementor-drop-cap-letter{width:1em;height:1em}.elementor-widget-text-editor .elementor-drop-cap{float:left;text-align:center;line-height:1;font-size:50px}.elementor-widget-text-editor .elementor-drop-cap-letter{display:inline-block}<\/style>\t\t\t\t<p style=\"text-align: center;\">Aitor Pastor, born in Ibiza in November 1988, is a young electronic music artist. With a highly distinctive\u00a0<span style=\"font-size: inherit; color: var(--color); font-family: var(--fontFamily); font-style: var(--fontStyle, inherit); font-weight: var(--fontWeight); letter-spacing: var(--letterSpacing); text-transform: var(--textTransform);\">style,\u00a0 \u00a0\u00a0<\/span><\/p><p style=\"text-align: center;\">he takes us on a captivating journey with his fresh and vibrant sounds. Surrounded by the essence of Ibiza, he<\/p><p style=\"text-align: center;\">embarked on his professional journey in 2012, becoming one of the resident DJs at \u00cdtaca Beach Club. During this<\/p><p style=\"text-align: center;\">time, he performed at the Arenal Dance Festival, captivating audiences of over 8,000 people for two consecutive<\/p><p style=\"text-align: center;\">years. At \u00cdtaca, he also graced the decks at pre-parties for renowned events such as Matin\u00e9e, Supermartx\u00e9, and Do<\/p><p style=\"text-align: center;\">Not Sleep, sharing the stage with notable artists including Flahsmoob, wAFF, Sidney Charles, and Darius Sirossian,<\/p><p style=\"text-align: center;\">among many others. In 2016, he embarked on a new residency at Blue Marlin Ibiza, one of the most influential<\/p><p style=\"text-align: center;\">beach clubs in the Ibiza electronic music scene. It is common to find the industry&#8217;s finest DJs, such as Marco<\/p><p style=\"text-align: center;\">Carola, The Martinez Brothers, and Black Coffee, performing there. Aitor Pastor&#8217;s name can also be found on the<\/p><p style=\"text-align: center;\">rosters of prominent record labels of our time, including HurryUpSlowly, There Was Jack, Safe Music, Low Ceilling,<\/p><p style=\"text-align: center;\">and Blanco Y Negro.<\/p>\t\t\t\t\t\t<\/div>\n\t\t\t\t<\/div>\n\t\t\t\t\t<\/div>\n\t\t\t\t<\/div>\n\t\t<div class=\"elementor-element elementor-element-3497328 e-flex e-con-boxed e-con\" data-id=\"3497328\" data-element_type=\"container\" data-settings=\"{&quot;content_width&quot;:&quot;boxed&quot;}\">\n\t\t\t\t\t<div class=\"e-con-inner\">\n\t\t\t\t\t<\/div>\n\t\t\t\t<\/div>\n\t\t\t\t\t\t\t<\/div>\n\t\t","protected":false},"excerpt":{"rendered":"<p>Aitor Pastor, born in Ibiza in November 1988, is a young electronic music artist. With a highly distinctive\u00a0style,\u00a0 \u00a0\u00a0 he takes us on a captivating journey with his fresh and vibrant sounds. Surrounded by the essence of Ibiza, he embarked on his professional journey in 2012, becoming one of the resident DJs at \u00cdtaca Beach Club. During this time, he performed at the Arenal Dance Festival, captivating audiences of over 8,000 people for two consecutive years. At \u00cdtaca, he also graced the decks at pre-parties for renowned events such as Matin\u00e9e, Supermartx\u00e9, and Do Not Sleep, sharing the stage with\u2026<\/p>\n","protected":false},"author":1,"featured_media":0,"parent":0,"menu_order":0,"comment_status":"closed","ping_status":"closed","template":"","meta":[],"blocksy_meta":"","_links":{"self":[{"href":"https:\/\/aitorpastor.com\/index.php\/wp-json\/wp\/v2\/pages\/806"}],"collection":[{"href":"https:\/\/aitorpastor.com\/index.php\/wp-json\/wp\/v2\/pages"}],"about":[{"href":"https:\/\/aitorpastor.com\/index.php\/wp-json\/wp\/v2\/types\/page"}],"author":[{"embeddable":true,"href":"https:\/\/aitorpastor.com\/index.php\/wp-json\/wp\/v2\/users\/1"}],"replies":[{"embeddable":true,"href":"https:\/\/aitorpastor.com\/index.php\/wp-json\/wp\/v2\/comments?post=806"}],"version-history":[{"count":18,"href":"https:\/\/aitorpastor.com\/index.php\/wp-json\/wp\/v2\/pages\/806\/revisions"}],"predecessor-version":[{"id":860,"href":"https:\/\/aitorpastor.com\/index.php\/wp-json\/wp\/v2\/pages\/806\/revisions\/860"}],"wp:attachment":[{"href":"https:\/\/aitorpastor.com\/index.php\/wp-json\/wp\/v2\/media?parent=806"}],"curies":[{"name":"wp","href":"https:\/\/api.w.org\/{rel}","templated":true}]}}